{"id":880,"date":"2010-08-20T19:24:40","date_gmt":"2010-08-20T17:24:40","guid":{"rendered":"http:\/\/prirodnilijek.covermagazin.com\/?page_id=880"},"modified":"2010-08-20T19:24:40","modified_gmt":"2010-08-20T17:24:40","slug":"ulja","status":"publish","type":"page","link":"https:\/\/prirodnilijek.covermagazin.com\/?page_id=880","title":{"rendered":"Ulja"},"content":{"rendered":"<p>Ulja su biljne masno\u0107e obi\u010dno u teku\u0107em stanju. Upotrebljavamo ih u prehrani, za masa\u017ee, utrljavanje, kupke i mazanje. \u00a0Mo\u017eemo kupiti <a href=\"http:\/\/www.covermagazin.com\/zdravlje.php?NID=1011\">eteri\u010dna ulja<\/a> ili pripremiti ulja od bilja.<\/p>\n<p>Biljna ulja pripremamo tako da tri \u0161ake cvjetova ljekovite biljke prelijemo kvalitetnim maslinovim, bademovim, lanenim ili nekim drugim uljem. Staklenku poklopimo i ostavimo na suncu 15 do 30 dana, procijedimo i spremimo u tamnu bocu na tamno mjesto.<\/p>\n","protected":false},"excerpt":{"rendered":"<p>Ulja su biljne masno\u0107e obi\u010dno u teku\u0107em stanju. Upotrebljavamo ih u prehrani, za masa\u017ee, utrljavanje, kupke i mazanje. \u00a0Mo\u017eemo kupiti eteri\u010dna ulja ili pripremiti ulja od bilja. Biljna ulja pripremamo tako da tri \u0161ake cvjetova ljekovite biljke prelijemo kvalitetnim maslinovim, bademovim, lanenim ili nekim drugim uljem. Staklenku poklopimo i ostavimo na suncu 15 do 30 [&hellip;]<\/p>\n","protected":false},"author":1,"featured_media":0,"parent":0,"menu_order":0,"comment_status":"open","ping_status":"open","template":"","meta":{"footnotes":""},"class_list":["post-880","page","type-page","status-publish","hentry"],"_links":{"self":[{"href":"https:\/\/prirodnilijek.covermagazin.com\/index.php?rest_route=\/wp\/v2\/pages\/880","targetHints":{"allow":["GET"]}}],"collection":[{"href":"https:\/\/prirodnilijek.covermagazin.com\/index.php?rest_route=\/wp\/v2\/pages"}],"about":[{"href":"https:\/\/prirodnilijek.covermagazin.com\/index.php?rest_route=\/wp\/v2\/types\/page"}],"author":[{"embeddable":true,"href":"https:\/\/prirodnilijek.covermagazin.com\/index.php?rest_route=\/wp\/v2\/users\/1"}],"replies":[{"embeddable":true,"href":"https:\/\/prirodnilijek.covermagazin.com\/index.php?rest_route=%2Fwp%2Fv2%2Fcomments&post=880"}],"version-history":[{"count":1,"href":"https:\/\/prirodnilijek.covermagazin.com\/index.php?rest_route=\/wp\/v2\/pages\/880\/revisions"}],"predecessor-version":[{"id":881,"href":"https:\/\/prirodnilijek.covermagazin.com\/index.php?rest_route=\/wp\/v2\/pages\/880\/revisions\/881"}],"wp:attachment":[{"href":"https:\/\/prirodnilijek.covermagazin.com\/index.php?rest_route=%2Fwp%2Fv2%2Fmedia&parent=880"}],"curies":[{"name":"wp","href":"https:\/\/api.w.org\/{rel}","templated":true}]}}